1 - 27) + 28 + 0 + 0.
2
What is -6 + (5 + -6 - 1) - 0?
-8
Evaluate -5 - (-3 + (5 - 9) - 2).
4
Evaluate 1 - 3 - (-6 - (0 - 0)).
4
-12 + -1 + (-1 - -8) - 2
-8
What is 4 + (5 - 4) + -4?
1
(1 - (-1 + -2)) + -3 + 3
4
What is -5 - (-1 + -2 + 2)?
-4
What is 2 + (-5 - (3 - (-1 - -9)))?
2
What is -5 - (1 - 0 - (-9 + 14))?
-1
What is the value of -18 + -8 + 9 + 8?
-9
What is the value of -4 - (-1 + 0 + 1 - 1)?
-3
Calculate -3 - (-1 - -2) - 1.
-5
Evaluate -5 - (0 + -3 - 0).
-2
Calculate -1 - (13 - 1 - (21 - 14)).
-6
-1 - -3 - (0 - 0)
2
1 + (2 - -6) + -23 + 18
4
Calculate 2 + (2 - -3 - 4) + -1.
2
Evaluate (-4 - (5 + -9)) + -3 + 1.
-2
What is the value of (10 - 9) + (3 - -1)?
5
-15 + 0 - (-10 + -13 + 15)
-7
What is the value of 3 + -11 + (7 + -1 - 2)?
-4
Evaluate (1 + -4 - -6) + -1 + 2.
4
What is the value of (-3 - 3 - (-2 - 0)) + 3?
-1
What is -2 + (0 - -7) + -5?
0
Calculate (-5 - ((-5 - 2) + 4)) + 0.
-2
What is 0 - 8 - (69 + -74)?
-3
Calculate (-2 - 2) + -1 - (-3 - 0).
-2
What is (4 - -9) + -6 - 16?
-9
Evaluate (4 - -1 - (5 + 15)) + 6.
-9
(1 + -3 - -4) + 5 - 4
3
(1 - 7) + 4 - (-1 - 1)
0
Evaluate (-1 - (-7 - (1 - 5))) + 2.
4
What is 5 - (2 - (7 + -9))?
1
-57 + 56 - (0 + 4)
-5
Calculate -3 - -4 - (-1 + -1).
3
Evaluate (-5 - -1) + (3 - 2 - 2).
-5
What is -7 + (-8 - (-18 + (-6 - -11)))?
-2
What is the value of -1 - (4 + (-2 - (3 + -1)))?
-1
-6 - -5 - ((0 - -2) + 1)
-4
What is 16 + -10 - (4 + -3 - 2)?
7
What is the value of 7 + 41 + -43 + -2 + 1?
4
Evaluate -4 + 9 + -1 + -6.
-2
What is 7 + -8 + 4 - -2?
5
Evaluate -3 + (-2 - 0 - (-6 + 1)).
0
(2 - -1 - 9) + (9 - 7)
-4
Calculate (-2 - -4) + 2 - -1.
5
Evaluate 3 - -2 - 9 - -3.
-1
What is -7 + -1 + -4 + 1 + 7?
-4
Evaluate 2 + 0 - (0 + -8 - -2).
8
-2 + 0 + 1 + (-3 - -1)
-3
What is the value of -2 + 2 + -5 + 3?
-2
(-4 - -6) + (1 - -2)
5
Evaluate (-5 + -5 - 7) + 9.
-8
Calculate -4 + -2 + (-1 - (-9 - -7)).
-5
What is the value of -2 + 1 + 1 + (8 - 13)?
-5
What is the value of (3 - 1) + 3 + 0?
5
What is -1 + (3 - (-5 + 4)) + -9?
-6
(3 - 1 - 6) + 7
3
Calculate (-5 - (4 + -1)) + 3.
-5
What is the value of 6 - (8 + 0 + -1 - -1)?
-2
(15 - 13) + -7 + (1 - 0)
-4
What is the value of -1 - 2 - (43 + -42)?
-4
What is the value of -4 - (3 - 3) - -2?
-2
Calculate -1 + (-7 - -8) - 3.
-3
-1 + 0 + 10 + -8
1
What is (4 - 0) + 2 - (16 + -2)?
-8
-2 - (8 + (-5 - -2))
-7
Evaluate 5 - (15 + -8) - (-1 - 5).
4
What is the value of (1 + 3 - 0) + 0?
4
What is the value of 1 + (1 + -2 - -5)?
5
-42 - -47 - (1 + -1 - -3)
2
2 + -4 + 0 + (-4 - -8)
2
Evaluate 2 + (3 - 13) + 17.
9
Evaluate -8 + -1 + (2 - (-6 - -3)).
-4
Calculate (6 - 7) + (0 - -5) + 0.
4
Evaluate -2 + 3 + 2 + (4 - 5).
2
What is the value of 9 - (1 + (-10 - -15))?
3
Evaluate (-1 + -2 - -6) + -8 - -1.
-4
What is -10 - -13 - (0 - -3)?
0
2 - 2 - (5 - 4)
-1
Evaluate (-4 - -2) + -2 - (4 + -8).
0
Calculate -3 + -2 + 0 + 6.
1
What is the value of -7 + (4 + -1 - 0) + 1?
-3
What is the value of -3 - (0 + 3 + 4 - 5)?
-5
Evaluate -4 + 0 + 4 + 18 + -20.
-2
6 - 7 - 0 - (-3 + 0)
2
Evaluate (-1 - -1) + -16 + (23 - 3).
4
Calculate (4 - 1) + (2 - 14) + 9.
0
What is the value of 6 + -5 + 3 + 1 + -6?
-1
What is the value of 4 + (2 + 2 - -1 - 13)?
-4
Calculate 10 + (-9 + 11 - 15).
-3
Evaluate (-8 - -2 - -5) + -1.
-2
Evaluate 1 + -1 - (-62 + 56).
6
What is 2 - (-2 + (5 + -4 - 2))?
5
Calculate (-1 - 4 - -4) + 0.
-1
Evaluate ((-2 - -5) + -4 - -7) + -12.
-6
Evaluate -3 + (7 + -21 + 7 - -17).
7
Calculate 2 + 9 + (5 - 9).
7
Evaluate -2 + 3 + (-1 + 2 - 2).
0
2 + 4 + -6 - 1
-1
Calculate -11 + (3 - 0) - -14.
6
Calculate (0 + 3 - 4) + (-1 - 4).
-6
What is the value of 5 + -1 + -5 + 4 - -3?
6
-20 - -12 - (1 - 13)
4
-9 + (-4 - -3) + (1 - -3)
-6
What is -10 - (7 - (20 - -7))?
10
What is -2 - 3 - -3 - (-6 - 1)?
5
What is -20 + 2 + 7 + 4?
-7
Evaluate -2 + 1 + -9 + -8 + 15.
-3
Evaluate -5 + -12 + 16 + -3.
-4
(2 - 0) + (1 - 8)
-5
Calculate -3 + 15 - (-5 - -8).
9
21 - 24 - (4 - 2)
-5
Evaluate -5 - (-8 + 0 + 4).
-1
Evaluate 6 + -4 - (-15 + 13).
4
What is the value of (4 - (-1 - (-7 - 0))) + 1?
-1
Evaluate 9 - (18 - 7) - (-2 - 0).
0
What is -6 + 4 + 7 + (0 - 1)?
4
Calculate -13 + -1 - (23 - 25) - -6.
-6
Calculate (-4 - -4) + 3 + 3.
6
Evaluate 1 + (1 - (12 - 1)).
-9
What is (-7 - -12) + 6 - 2?
9
(0 - -3) + -7 - -5
1
What is -7 - -4 - -3 - (4 + -7)?
3
What is -14 + (-11 + 17 - -5)?
-3
Calculate -4 - 0 - (-3 + -2).
1
Evaluate 5 + (5 - (-1 - -13)).
-2
What is 5 + 0 + 10 + -13?
2
What is the value of 7 - (-12 - -23) - 6?
-10
(2 + 0 - -3) + -46 + 40
-1
Evaluate -11 + -13 + 2 + 13.
-9
Calculate 6 + -3 + (23 - 16) - 4.
6
Evaluate -5 + (19 - 10) - 11.
-7
-2 + 4 + -2 + 3
3
Evaluate (1 - 2) + (-4 - -13) + -5.
3
-8 - ((-3 - 4) + 5)
-6
What is the value of 4 - (2 + 10 + -6)?
-2
(-14 - -1) + 7 + -3 + 1
-8
What is the value of -4 - (0 - (-3 - -7)) - 5?
-5
(3 - 3 - (1 + 0)) + 1
0
What is the value of 1 + -1 - (0 + -10 - -2)?
8
What is 9 + -2 + -1 - (-3 + 7)?
2
What is -1 + 1 + 7 + -15 + 13?
5
Calculate (9 - 2) + -11 + 0 + 3.
-1
What is -25 - -22 - (0 + -4) - -7?
8
Evaluate -1 - (0 + (-2 - -3) - -1).
-3
Calculate -9 - (-6 + -5 + 7).
-5
Evaluate 2 + (1 - 1) - (7 + -4).
-1
Calculate (0 - -8) + -14 + 2.
-4
What is the value of -2 - 2 - (41 + -48)?
3
What is the value of 6 + (2 - (1 + 1) - 3)?
3
What is the value of (19 - 10) + 2 - 8?
3
Evaluate 1 - ((-6 - -5) + 3).
-1
Evaluate -1 - -2 - 3 - (-13 + 7).
4
Evaluate -9 + 5 - 2 - (-2 + 1).
-5
Evaluate (16 - 12) + (1 - 5).
0
What is the value of 0 + 5 + -13 + 3?
-5
Evaluate (1 - 0) + 4 + (-14 - -6).
-3
Evaluate 8 - 0 - (-2 + 10 + -5).
5
Calculate 7 + (4 - -3) + -7.
7
What is the value of 4 - 4 - (5 + -7)?
2
2 + 3 + -2 + 5
8
What is the value of (-11 - -2) + -3 + 7?
-5
Calculate (-4 - -4) + (5 - 3) - 2.
0
What is the value of 4 + 3 - (-4 - -8)?
3
Calculate 4 + (-11 - -6) + -4 + -3.
-8
-2 + 7 + -15 + 5
-5
Calculate 3 - (9 - (-6 - -5)).
-7
What is -4 + 10 - (4 + -3)?
5
Calculate -13 - ((7 - -6) + -30).
4
What is the value of (3 - 1) + 1 - 1?
2
Calculate -3 - -2 - (-19 + 19).
-1
What is the value of -1 + -5 + 10 - (3 + -1)?
2
What is -8 - (6 + -4 + -2 + 0)?
-8
What is (-2 - 0) + (-2 - -2 - 3)?
-5
Evaluate 4 + (-2 - -7 - 13).
-4
What is the value of 3 + -4 - (-6 + 11) - 2?
-8
Calculate 5 + ((6 - 2) + -2 - 4).
3
What is 23 + -19 - (1 - (2 - 1))?
4
What is 4 - (7 + 0 - 4)?
1
What is the value of -1 + 7 + (-1 - (-4 + 4))?
5
Evaluate -6 + 4 + -6 + 1.
-7
What is the value of -5 + (0 - (1 - 2)) - -6?
2
-8 + 2 + (7 - 4) + 2
-1
What is (-1 - (1 - (4 + 0))) + -2?
0
Evaluate (0 - 1) + (12 - 11).
0
What is the value of -2 + 3 - -1 - (-2 + 0)?
4
1 + (-2 - (-2 - -6))
-5
What is 3 + -7 - -5 - 0?
1
-4 - (1 + -1) - -3
-1
What is the value of (0 - -2) + 5 + 1 + -5?
3
Evaluate -3 + -5 + 0 + 13.
5
Evaluate (-4 + 1 - 2) + -7 + 12.
0
Calculate (-5 + 1 - (0 - -1)) + 1.
-4
Calculate 0 + 7 + 8 + -14.
1
Evaluate 1 + (0 - -5 - 9).
-3
What is the value of -11 + -1 + 0 + (1 - -4)?
-7
What is the value of 2 - (3 + -15) - (16 - 11)?
9
Calculate 8 + -7 + -2 + 1.
0
Evaluate -3 + 0 + -1 + -1.
-5
Evaluate (4 - 1) + (-29 - -25) - -6.
5
What is the value of -3 - (4 + -4) - -2?
-1
(12 - 18) + 4 + (6 - 0)
4
Evaluate 0 - (0 + 1) - (24 - 26).
1
Evaluate 1 + 1 + -3 - -3 - -2.
4
What is (17 + -5 - 4) + -5?
3
-6 + (15 - 8 - (-1 - -3))
-1
What is the value of 4 + 0 + -2 - 5?
-3
What is -11 + 5 + -9 - -6?
-9
What is the value of (-44 + 49 - (0 + 1)) + 3?
7
Evaluate (2 - (1 + 0)) + (96 - 96).
1
What is the value of -8 - (-2 - -2) - (-106 + 105)?
-7
What is -6 + (8 - 3) + (1 - 3)?
-3
What is the value of -1 + 5 + (6 - (8 + -3))?
5
-4 + -5 - -15 - 1
5
Evaluate -5 - (-8 - -5) - -8.
6
What is (-6 - -5) + 1 + -1?
-1
Calculate -2 - (4 + -8 + 6 - 4).
0
5 - (3 + 2 + 2 - 4)
2
What is 24 + -22 + (5 - 1)?
6
(0 - (-14 - 4) - 7) + -7
4
What is the value of -10 - 0 - (-23 + 14)?
-1
Calculate 17 + -6 - (10 + -4).
5
6 + -7 + -1 + (-2 - -1)
-3
5 + -4 + -5 + -1
-5
Calculate -1 + -4 + 0 - -2 - -7.
4
What is the value of 5 + -7 + -4 + 2?
-4
What is the value of -1 - (0 - 2) - 6?
-5
27 - 34 - ((-4 - -2) + -8)
3
What is the value of 2 + 3 + (-7 - -6)?
4
What is the value of 1 - (2 + -3) - (-12 - -23)?
-9
Evaluate 0 + 3 - (1 + -4 + 6).
0
0 + (1 - -5) + (-64 - -57)
-1
What is the value of -4 - 1 - -8 - -2?
5
Evaluate -6 - (-4 + 1) - (4 + -5).
-2
What is -3 + (9 - (7 